{"id":53,"date":"2019-08-15T18:18:56","date_gmt":"2019-08-15T16:18:56","guid":{"rendered":"https:\/\/spedition-linne.de\/?page_id=53"},"modified":"2020-06-29T17:32:06","modified_gmt":"2020-06-29T15:32:06","slug":"unternehmen","status":"publish","type":"page","link":"https:\/\/www.spedition-linne.de\/?page_id=53","title":{"rendered":"Unternehmen"},"content":{"rendered":"\n<p>Speditionslogistik aus einer Hand<\/p>\n\n\n\n<p>Die Spedition Linne wurde <strong>1968 <\/strong>von Herrn Werner Linne gegr\u00fcndet.<\/p>\n\n\n\n<p>Seit dem ist der als mittelst\u00e4ndisch gef\u00fchrte <strong>Familienbetrieb <\/strong>in den Dienstleistungsbereichen Spedition, Lager und Logistik t\u00e4tig. Durch eine flexible Orientierung an den Anforderungen und Bed\u00fcrfnisse unserer Kunden und der Umwelt, ist das Unternehmen in Kooperation mit namhaften Partnern zu einem <strong>europaweiten Dienstleister<\/strong> herangewachsen.<\/p>\n\n\n\n<p>Wir verstehen uns als Service und <strong>Dienstleistungsunternehmen<\/strong>. Wir lagern Ihre G\u00fcter gerne, auch f\u00fcr kurze Zeit, in unseren modernen <strong>Lagern <\/strong>ein, damit wir Ihren Kunden, dann p\u00fcnktlich zum gew\u00fcnschten, Termin beliefern. <strong>Verschiffung<\/strong>, <strong>Verzollung <\/strong>oder <strong>Luftfracht <\/strong>&#8211; mit Ihrem FULL-SERVICE Partner Spedition Linne ist das alles kein Problem. Wir erledigen das f\u00fcr Sie!<\/p>\n\n\n\n<p>Der gro\u00dfe Fuhrpark besteht aus <strong>Sattelzugmaschinen <\/strong>mit Aufliegern, Motorwagen und Anh\u00e4ngern mit Aufbauten, die einem optimalen Sicherheitsstandard entsprechen. F\u00fcr uns ist selbstverst\u00e4ndlich, dass wir unseren Fahrzeugen eine halbj\u00e4hrlichen oder von der Fahrleistung abh\u00e4ngigen, <strong>fr\u00fcheren Wartung<\/strong> einschlie\u00dflich vorbeugender Instandhaltung unterziehen. Zur Gew\u00e4hrleistung der Einhaltung der gesetzlichen Vorgaben in Bezug auf die <strong>Umweltfaktoren Boden, Luft, Wasser und L\u00e4rm<\/strong> besteht der Fuhrpark nur aus Fahrzeugen, die der Norm <strong>EURO 6<\/strong> entsprechen. Alle Fahrzeuge verf\u00fcgen \u00fcber eine <strong>\u00fcber dem gesetzlichen Standard<\/strong> liegende Ausstattung zur Ladungssicherung, \u00fcber <strong>Notbremssysteme<\/strong>, <strong>Abbiegeassistenten <\/strong>und Abstandsregeltempomaten und sind mit <strong>Hebeb\u00fchne <\/strong>und Hubwagen sowie weiteren Hilfsmittel ausger\u00fcstet, um speziellen <strong>Entladeproblematiken <\/strong>gerecht zu werden.<\/p>\n","protected":false},"excerpt":{"rendered":"<p>Speditionslogistik aus einer Hand Die Spedition Linne wurde 1968 von Herrn Werner Linne gegr\u00fcndet. Seit dem ist der als mittelst\u00e4ndisch gef\u00fchrte Familienbetrieb in den Dienstleistungsbereichen Spedition, Lager und Logistik t\u00e4tig. Durch eine flexible Orientierung an den Anforderungen und Bed\u00fcrfnisse unserer Kunden und der Umwelt, ist das Unternehmen in Kooperation mit&#8230;<\/p>\n","protected":false},"author":1,"featured_media":0,"parent":0,"menu_order":0,"comment_status":"closed","ping_status":"closed","template":"","meta":{"footnotes":""},"yoast_head":"<!-- This site is optimized with the Yoast SEO plugin v24.5 - https:\/\/yoast.com\/wordpress\/plugins\/seo\/ -->\n<title>Unternehmen - Spedition Linne<\/title>\n<meta name=\"robots\" content=\"index, follow, max-snippet:-1, max-image-preview:large, max-video-preview:-1\" \/>\n<link rel=\"canonical\" href=\"https:\/\/www.spedition-linne.de\/?page_id=53\" \/>\n<meta property=\"og:locale\" content=\"de_DE\" \/>\n<meta property=\"og:type\" content=\"article\" \/>\n<meta property=\"og:title\" content=\"Unternehmen - Spedition Linne\" \/>\n<meta property=\"og:description\" content=\"Speditionslogistik aus einer Hand Die Spedition Linne wurde 1968 von Herrn Werner Linne gegr\u00fcndet. Seit dem ist der als mittelst\u00e4ndisch gef\u00fchrte Familienbetrieb in den Dienstleistungsbereichen Spedition, Lager und Logistik t\u00e4tig. Durch eine flexible Orientierung an den Anforderungen und Bed\u00fcrfnisse unserer Kunden und der Umwelt, ist das Unternehmen in Kooperation mit...\" \/>\n<meta property=\"og:url\" content=\"https:\/\/www.spedition-linne.de\/?page_id=53\" \/>\n<meta property=\"og:site_name\" content=\"Spedition Linne\" \/>\n<meta property=\"article:modified_time\" content=\"2020-06-29T15:32:06+00:00\" \/>\n<meta name=\"twitter:card\" content=\"summary_large_image\" \/>\n<meta name=\"twitter:label1\" content=\"Gesch\u00e4tzte Lesezeit\" \/>\n\t<meta name=\"twitter:data1\" content=\"1\u00a0Minute\" \/>\n<script type=\"application\/ld+json\" class=\"yoast-schema-graph\">{\"@context\":\"https:\/\/schema.org\",\"@graph\":[{\"@type\":\"WebPage\",\"@id\":\"https:\/\/www.spedition-linne.de\/?page_id=53\",\"url\":\"https:\/\/www.spedition-linne.de\/?page_id=53\",\"name\":\"Unternehmen - Spedition Linne\",\"isPartOf\":{\"@id\":\"https:\/\/www.spedition-linne.de\/#website\"},\"datePublished\":\"2019-08-15T16:18:56+00:00\",\"dateModified\":\"2020-06-29T15:32:06+00:00\",\"breadcrumb\":{\"@id\":\"https:\/\/www.spedition-linne.de\/?page_id=53#breadcrumb\"},\"inLanguage\":\"de\",\"potentialAction\":[{\"@type\":\"ReadAction\",\"target\":[\"https:\/\/www.spedition-linne.de\/?page_id=53\"]}]},{\"@type\":\"BreadcrumbList\",\"@id\":\"https:\/\/www.spedition-linne.de\/?page_id=53#breadcrumb\",\"itemListElement\":[{\"@type\":\"ListItem\",\"position\":1,\"name\":\"Startseite\",\"item\":\"https:\/\/www.spedition-linne.de\/\"},{\"@type\":\"ListItem\",\"position\":2,\"name\":\"Unternehmen\"}]},{\"@type\":\"WebSite\",\"@id\":\"https:\/\/www.spedition-linne.de\/#website\",\"url\":\"https:\/\/www.spedition-linne.de\/\",\"name\":\"Spedition Linne\",\"description\":\"\",\"publisher\":{\"@id\":\"https:\/\/www.spedition-linne.de\/#organization\"},\"potentialAction\":[{\"@type\":\"SearchAction\",\"target\":{\"@type\":\"EntryPoint\",\"urlTemplate\":\"https:\/\/www.spedition-linne.de\/?s={search_term_string}\"},\"query-input\":{\"@type\":\"PropertyValueSpecification\",\"valueRequired\":true,\"valueName\":\"search_term_string\"}}],\"inLanguage\":\"de\"},{\"@type\":\"Organization\",\"@id\":\"https:\/\/www.spedition-linne.de\/#organization\",\"name\":\"Werner Linne GmbH & Co. KG\",\"url\":\"https:\/\/www.spedition-linne.de\/\",\"logo\":{\"@type\":\"ImageObject\",\"inLanguage\":\"de\",\"@id\":\"https:\/\/www.spedition-linne.de\/#\/schema\/logo\/image\/\",\"url\":\"https:\/\/www.spedition-linne.de\/wp-content\/uploads\/2019\/08\/LogoKlein.png\",\"contentUrl\":\"https:\/\/www.spedition-linne.de\/wp-content\/uploads\/2019\/08\/LogoKlein.png\",\"width\":800,\"height\":160,\"caption\":\"Werner Linne GmbH & Co. KG\"},\"image\":{\"@id\":\"https:\/\/www.spedition-linne.de\/#\/schema\/logo\/image\/\"}}]}<\/script>\n<!-- \/ Yoast SEO plugin. -->","yoast_head_json":{"title":"Unternehmen - Spedition Linne","robots":{"index":"index","follow":"follow","max-snippet":"max-snippet:-1","max-image-preview":"max-image-preview:large","max-video-preview":"max-video-preview:-1"},"canonical":"https:\/\/www.spedition-linne.de\/?page_id=53","og_locale":"de_DE","og_type":"article","og_title":"Unternehmen - Spedition Linne","og_description":"Speditionslogistik aus einer Hand Die Spedition Linne wurde 1968 von Herrn Werner Linne gegr\u00fcndet. Seit dem ist der als mittelst\u00e4ndisch gef\u00fchrte Familienbetrieb in den Dienstleistungsbereichen Spedition, Lager und Logistik t\u00e4tig. Durch eine flexible Orientierung an den Anforderungen und Bed\u00fcrfnisse unserer Kunden und der Umwelt, ist das Unternehmen in Kooperation mit...","og_url":"https:\/\/www.spedition-linne.de\/?page_id=53","og_site_name":"Spedition Linne","article_modified_time":"2020-06-29T15:32:06+00:00","twitter_card":"summary_large_image","twitter_misc":{"Gesch\u00e4tzte Lesezeit":"1\u00a0Minute"},"schema":{"@context":"https:\/\/schema.org","@graph":[{"@type":"WebPage","@id":"https:\/\/www.spedition-linne.de\/?page_id=53","url":"https:\/\/www.spedition-linne.de\/?page_id=53","name":"Unternehmen - Spedition Linne","isPartOf":{"@id":"https:\/\/www.spedition-linne.de\/#website"},"datePublished":"2019-08-15T16:18:56+00:00","dateModified":"2020-06-29T15:32:06+00:00","breadcrumb":{"@id":"https:\/\/www.spedition-linne.de\/?page_id=53#breadcrumb"},"inLanguage":"de","potentialAction":[{"@type":"ReadAction","target":["https:\/\/www.spedition-linne.de\/?page_id=53"]}]},{"@type":"BreadcrumbList","@id":"https:\/\/www.spedition-linne.de\/?page_id=53#breadcrumb","itemListElement":[{"@type":"ListItem","position":1,"name":"Startseite","item":"https:\/\/www.spedition-linne.de\/"},{"@type":"ListItem","position":2,"name":"Unternehmen"}]},{"@type":"WebSite","@id":"https:\/\/www.spedition-linne.de\/#website","url":"https:\/\/www.spedition-linne.de\/","name":"Spedition Linne","description":"","publisher":{"@id":"https:\/\/www.spedition-linne.de\/#organization"},"potentialAction":[{"@type":"SearchAction","target":{"@type":"EntryPoint","urlTemplate":"https:\/\/www.spedition-linne.de\/?s={search_term_string}"},"query-input":{"@type":"PropertyValueSpecification","valueRequired":true,"valueName":"search_term_string"}}],"inLanguage":"de"},{"@type":"Organization","@id":"https:\/\/www.spedition-linne.de\/#organization","name":"Werner Linne GmbH & Co. KG","url":"https:\/\/www.spedition-linne.de\/","logo":{"@type":"ImageObject","inLanguage":"de","@id":"https:\/\/www.spedition-linne.de\/#\/schema\/logo\/image\/","url":"https:\/\/www.spedition-linne.de\/wp-content\/uploads\/2019\/08\/LogoKlein.png","contentUrl":"https:\/\/www.spedition-linne.de\/wp-content\/uploads\/2019\/08\/LogoKlein.png","width":800,"height":160,"caption":"Werner Linne GmbH & Co. KG"},"image":{"@id":"https:\/\/www.spedition-linne.de\/#\/schema\/logo\/image\/"}}]}},"_links":{"self":[{"href":"https:\/\/www.spedition-linne.de\/index.php?rest_route=\/wp\/v2\/pages\/53"}],"collection":[{"href":"https:\/\/www.spedition-linne.de\/index.php?rest_route=\/wp\/v2\/pages"}],"about":[{"href":"https:\/\/www.spedition-linne.de\/index.php?rest_route=\/wp\/v2\/types\/page"}],"author":[{"embeddable":true,"href":"https:\/\/www.spedition-linne.de\/index.php?rest_route=\/wp\/v2\/users\/1"}],"replies":[{"embeddable":true,"href":"https:\/\/www.spedition-linne.de\/index.php?rest_route=%2Fwp%2Fv2%2Fcomments&post=53"}],"version-history":[{"count":8,"href":"https:\/\/www.spedition-linne.de\/index.php?rest_route=\/wp\/v2\/pages\/53\/revisions"}],"predecessor-version":[{"id":311,"href":"https:\/\/www.spedition-linne.de\/index.php?rest_route=\/wp\/v2\/pages\/53\/revisions\/311"}],"wp:attachment":[{"href":"https:\/\/www.spedition-linne.de\/index.php?rest_route=%2Fwp%2Fv2%2Fmedia&parent=53"}],"curies":[{"name":"wp","href":"https:\/\/api.w.org\/{rel}","templated":true}]}}